ase 7
-642
-44e (base 16) to base 11
-912
Convert -2a8 (base 15) to base 13.
-37a
Convert 102212 (base 3) to base 8.
500
What is 2cf (base 16) in base 9?
878
-1001011001111 (base 2) to base 11
-3688
Convert -1111111010101111 (base 2) to base 13.
-238a4
21111 (base 3) to base 8
312
What is -11011001000 (base 2) in base 6?
-12012
Convert 29644 (base 11) to base 7.
233360
-53343 (base 7) to base 8
-31634
212101 (base 3) to base 7
1561
Convert 460 (base 10) to base 13.
295
Convert -1221020 (base 3) to base 4.
-112002
Convert 140555 (base 6) to base 12.
775b
Convert 110221111 (base 3) to base 2.
10010011011100
-458 (base 12) to base 15
-2ce
Convert -1010110 (base 2) to base 6.
-222
3363 (base 13) to base 15
21d9
Convert -64c (base 15) to base 9.
-1850
What is 10000111110 (base 2) in base 13?
657
What is 1030223 (base 6) in base 9?
76406
915 (base 12) to base 3
1210122
What is -111a (base 11) in base 16?
-5c1
-42645 (base 7) to base 3
-112120020
214344 (base 6) to base 7
103015
12200210 (base 3) to base 2
1000000111000
Convert 20106 (base 8) to base 4.
2001012
What is 2048 (base 9) in base 11?
1146
-25a (base 13) to base 15
-1c8
-2252 (base 6) to base 10
-536
-2201121012 (base 3) to base 14
-157a6
Convert 1aa (base 14) to base 2.
101011010
310 (base 8) to base 14
104
-23144 (base 7) to base 14
-2224
123a9 (base 12) to base 13
b361
-1001221210 (base 3) to base 5
-1133413
What is 4202 (base 6) in base 5?
12223
What is 1002202222 (base 3) in base 2?
101010011001011
Convert -46c0 (base 13) to base 2.
-10011011100110
62a9 (base 11) to base 3
102110011
220 (base 11) to base 8
410
Convert 2635 (base 12) to base 7.
15500
-10111 (base 3) to base 15
-64
2447 (base 11) to base 4
301331
Convert -b54 (base 14) to base 11.
-1748
37357 (base 8) to base 16
3eef
What is 30 (base 4) in base 14?
c
What is -3581 (base 12) in base 15?
-1ba1
Convert 239 (base 16) to base 8.
1071
What is -1022 (base 9) in base 12?
-525
703 (base 15) to base 16
62a
What is -204 (base 5) in base 15?
-39
30446 (base 9) to base 13
9183
What is 1413 (base 6) in base 2?
101110001
What is 44402 (base 7) in base 9?
16285
Convert 14302 (base 5) to base 9.
1575
Convert bbb (base 16) to base 4.
232323
13012220 (base 4) to base 6
342412
Convert 9b (base 12) to base 5.
434
-15360 (base 8) to base 2
-1101011110000
-263 (base 10) to base 6
-1115
3103 (base 6) to base 13
40b
Convert 117005 (base 8) to base 15.
bebd
2281 (base 13) to base 15
1677
Convert -11634 (base 9) to base 16.
-1e7f
-1010101 (base 2) to base 15
-5a
2088 (base 10) to base 2
100000101000
-1a44 (base 12) to base 3
-11102021
What is -1ac4 (base 16) in base 9?
-10353
Convert -1749 (base 15) to base 14.
-1b87
Convert 54 (base 6) to base 15.
24
What is -ea09 (base 15) in base 7?
-264225
583 (base 12) to base 14
427
What is 3cb7 (base 13) in base 4?
2021001
Convert a38 (base 12) to base 14.
780
Convert 3033313 (base 4) to base 12.
7847
Convert -652 (base 12) to base 5.
-12201
285d (base 16) to base 6
115501
Convert e61b (base 16) to base 11.
40292
6af (base 16) to base 10
1711
Convert -4a8 (base 11) to base 5.
-4402
What is -2b38 (base 12) in base 2?
-1001111011100
What is -5b2 (base 12) in base 14?
-450
23a (base 13) to base 6
1443
5560 (base 7) to base 3
2202011
What is 552 (base 14) in base 15?
4a2
Convert 20120000 (base 3) to base 2.
1001010101011
Convert -374 (base 12) to base 16.
-208
What is -21211 (base 3) in base 15?
-e1
Convert -298 (base 15) to base 12.
-415
Convert -4410 (base 5) to base 2.
-1001011101
Convert a6a9 (base 13) to base 6.
255015
-1010110110 (base 2) to base 5
-10234
-202551 (base 7) to base 14
-c861
Convert -720 (base 9) to base 5.
-4320
What is 1023210 (base 4) in base 5?
123321
b0 (base 13) to base 9
168
Convert 210254 (base 7) to base 13.
135bc
What is -15d (base 15) in base 9?
-377
What is 311a (base 14) in base 10?
8452
7653 (base 8) to base 3
12111120
Convert d606 (base 16) to base 5.
3223130
Convert 27b (base 16) to base 7.
1565
What is -1263 (base 8) in base 15?
-311
Convert -606 (base 10) to base 13.
-378
Convert -213 (base 5) to base 6.
-134
What is -1303102 (base 4) in base 9?
-11107
What is -3060 (base 9) in base 8?
-4301
-1fa (base 16) to base 8
-772
Convert -14763 (base 11) to base 15.
-62c1
Convert 3598 (base 10) to base 9.
4837
-180 (base 16) to base 2
-110000000
Convert 14a7 (base 11) to base 9.
2576
Convert -1da0 (base 14) to base 4.
-1110320
Convert 210221 (base 4) to base 7.
6560
-249 (base 16) to base 12
-409
5c1c (base 15) to base 4
10302102
-30222302 (base 4) to base 13
-1a807
14770 (base 10) to base 6
152214
Convert -439 (base 13) to base 9.
-884
Convert -121112 (base 3) to base 9.
-545
1432 (base 7) to base 16
232
Convert 51421 (base 10) to base 13.
1a536
Convert -10303 (base 5) to base 16.
-2bf
What is -4782 (base 11) in base 14?
-23d3
-935 (base 14) to base 5
-24221
Convert -4507 (base 8) to base 3.
-10020222
Convert -1111001001 (base 2) to base 15.
-449
What is -10044 (base 6) in base 10?
-1324
Convert 3072 (base 8) to base 9.
2161
What is 31602 (base 10) in base 3?
1121100110
-724 (base 9) to base 3
-210211
What is 1101100121 (base 3) in base 4?
12221200
4795 (base 14) to base 2
11000010111111
Convert -4980 (base 13) to base 10.
-10413
What is 4c6 (base 16) in base 3?
1200021
Convert 114444 (base 5) to base 16.
1116
11001011010000 (base 2) to base 7
52632
-bb61 (base 13) to base 2
-110010111111001
What is -b2b2 (base 15) in base 5?
-2201432
What is 1004 (base 14) in base 13?
1335
-110120 (base 3) to base 14
-1a3
What is 9a (base 12) in base 9?
141
Convert 798 (base 15) to base 14.
8aa
3123 (base 4) to base 7
432
Convert -203321 (base 4) to base 3.
-10011002
Convert 1100111000001 (base 2) to base 7.
25136
Convert 21333 (base 5) to base 2.
10110111100
Convert 1804 (base 9) to base 10.
1381
What is 1022020 (base 3) in base 5?
12301
33112 (base 4) to base 7
2602
What is -6c8b (base 14) in base 8?
-44773
What is -23225 (base 6) in base 12?
-1b15
Convert 1022001 (base 3) to base 9.
1261
-6313 (base 11) to base 15
-2728
Convert -21028 (base 9) to base 7.
-55313
What is 51 (base 7) in base 2?
100100
What is -13409 (base 10) in base 14?
-4c5b
What is -123 (base 10) in base 6?
-323
351 (base 11) to base 5
3134
What is 580 (base 10) in base 4?
21010
What is -611 (base 14) in base 13?
-708
111 (base 16) to base 12
1a9
-9f5 (base 16) to base 7
-10301
Convert -1110100001 (base 2) to base 11.
-775
-2c0 (base 13) to base 5
-3434
What is -1101101011011 (base 2) in base 9?
-10541
-4f (base 16) to base 12
-67
What is 10175 (base 8) in base 9?
5710
Convert -22 (base 8) to base 3.
-200
What is -254 (base 11) in base 7?
-610
2657 (base 9) to base 2
11111001100
Convert -19d (base 15) to base 10.
-373
Convert 30300 (base 5) to base 14.
9d4
What is 2310022 (base 4) in base 13?
532c
What is 212311 (base 5) in base 16?
1c26
Convert -1010011111000000 (base 2) to base 11.
-2a2a0
Convert 674 (base 9) to base 16.
229
Convert 17882 (base 10) to base 15.
5472
Convert -3365 (base 9) to base 14.
-c9b
Convert -4db (base 14) to base 16.
-3d1
1ab6 (base 16) to base 12
3b5a
Convert 10005 (base 6) to base 11.
a83
-7b63 (base 15) to base 11
-18752
Convert 4 (base 15) to base 2.
100
What is -1684 (base 13) in base 12?
-1b07
-1149b (base 12) to base 15
-6cde
What is 1543 (base 8) in base 2?
1101100011
What is -1683 (base 9) in base 2?
-10100001010
What is -abb (base 13) in base 15?
-82e
Convert 100102102 (base 3) to base 12.
3b85
242156 (base 8) to base 15
1991e
Convert 3927 (base 12) to base 16.
196f
-20102 (base 4) to base 8
-1022
Convert 101211 (base 3) to base 11.
246
Convert 211 (base 11) to base 16.
fe
Convert 16442 (base 8) to base 7.
30513
What is 40 (base 8) in base 5?
112
-1221001 (base 3) to base 2
-10101111101
-17746 (base 10) to base 2
-100010101010010
Convert 688 (base 11) to base 15.
39c
What is -101001 (base 4) in base 8?
-2101
Convert -233 (base 5) to base 12.
-58
222121002 (base 3) to base 11
13626
Convert 122013 (base 4) to base 11.
128a
40357 (base 9) to base 2
110011110101011
What is 453 (base 13) in base 6?
3240
Convert 5288 (base 16) to base 4.
11022020
What is 6763 (base 8) in base 9?
4807
What is -1032123 (base 4) in base 6?
-35123
What is -386a6 (base 11) in base 12?
-28099
-335 (base 16) to base 12